{"id":83,"date":"2020-12-07T17:13:38","date_gmt":"2020-12-07T16:13:38","guid":{"rendered":"http:\/\/parafiaszyk.pl\/?page_id=83"},"modified":"2023-10-08T13:21:04","modified_gmt":"2023-10-08T12:21:04","slug":"kontakt","status":"publish","type":"page","link":"https:\/\/parafiaszyk.pl\/index.php\/kontakt\/","title":{"rendered":"Kontakt"},"content":{"rendered":"\n<p><strong>Parafia Rzymskokatolicka, pw. \u015bw. Stanis\u0142awa BM i \u015bw. Barbary M w Szyku<br>Szyk 7<br>34-620 Jod\u0142ownik<br>tel.: 18-33-21-108<br>e-mail: szyk@diecezja.tarnow.pl<br><\/strong><\/p>\n\n\n\n<p><strong>Ks. Proboszcz Grzegorz Ocha\u0142, tel. kom<\/strong>. <strong>603 724 737<\/strong><\/p>\n\n\n\n<p><strong>Ks. Rezydent Andrzej Machowicz, tel. kom. 601 145<\/strong> <strong>790<\/strong><\/p>\n\n\n\n<p><strong>P.<\/strong> <strong>Ko\u015bcielny, tel. kom. 782 333 352<\/strong><\/p>\n\n\n\n<p><strong>P.<\/strong> <strong>Organista, tel. kom. 668 415 199<\/strong><\/p>\n\n\n\n<p><strong>P. Grabarz, tel. kom. 698 388 486<br><\/strong><\/p>\n\n\n\n<p><strong>Nr Konta Parafii Szyk:<\/strong><\/p>\n\n\n\n<p><strong>Bank Sp\u00f3\u0142dzielczy-Rzemios\u0142a w Krakowie Oddzia\u0142 w Jod\u0142owniku,<br>6285890006-02000000-38090001<br>NIP Parafii: 737 10 12 573<br>REGON Parafii: 04 00 62 116<\/strong><\/p>\n","protected":false},"excerpt":{"rendered":"<p>Parafia Rzymskokatolicka, pw. \u015bw. Stanis\u0142awa BM i \u015bw. Barbary M w SzykuSzyk 734-620 Jod\u0142owniktel.: 18-33-21-108e-mail: szyk@diecezja.tarnow.pl Ks. Proboszcz Grzegorz Ocha\u0142, tel. kom. 603 724 737 Ks. Rezydent Andrzej Machowicz, tel. kom. 601 145 790 P. Ko\u015bcielny, tel. kom. 782 333 352 P. Organista, tel. kom. 668 415 199 P. Grabarz, tel. kom. 698 388 486 &#8230; <span class=\"more\"><a class=\"more-link\" href=\"https:\/\/parafiaszyk.pl\/index.php\/kontakt\/\">[Read more&#8230;]<\/a><\/span><\/p>\n","protected":false},"author":1,"featured_media":0,"parent":0,"menu_order":3,"comment_status":"closed","ping_status":"closed","template":"","meta":{"footnotes":"","_links_to":"","_links_to_target":""},"class_list":["entry","page","publish","author-admin","post-83"],"_links":{"self":[{"href":"https:\/\/parafiaszyk.pl\/index.php\/wp-json\/wp\/v2\/pages\/83","targetHints":{"allow":["GET"]}}],"collection":[{"href":"https:\/\/parafiaszyk.pl\/index.php\/wp-json\/wp\/v2\/pages"}],"about":[{"href":"https:\/\/parafiaszyk.pl\/index.php\/wp-json\/wp\/v2\/types\/page"}],"author":[{"embeddable":true,"href":"https:\/\/parafiaszyk.pl\/index.php\/wp-json\/wp\/v2\/users\/1"}],"replies":[{"embeddable":true,"href":"https:\/\/parafiaszyk.pl\/index.php\/wp-json\/wp\/v2\/comments?post=83"}],"version-history":[{"count":0,"href":"https:\/\/parafiaszyk.pl\/index.php\/wp-json\/wp\/v2\/pages\/83\/revisions"}],"wp:attachment":[{"href":"https:\/\/parafiaszyk.pl\/index.php\/wp-json\/wp\/v2\/media?parent=83"}],"curies":[{"name":"wp","href":"https:\/\/api.w.org\/{rel}","templated":true}]}}